 v(8). What is j(n)?
8
Let y = 187/228 - -1/76. Let r(h) be the second derivative of -y*h**3 + 3*h**2 + 0 + 3*h + 1/12*h**4. What is r(4)?
2
Let d(q) = 7*q**3 - 6*q + 1. Let t(o) = 8*o**3 + o**2 - 7*o + 2. Let u(s) = 7*d(s) - 6*t(s). What is u(5)?
-30
Let j(q) be the second derivative of 5*q**3/6 + 2*q**2 - 3*q. Determine j(-3).
-11
Let v = -113 - -113. Let q(h) = -h - 16. What is q(v)?
-16
Let r(w) = w**2 + 2*w + 1. Let p(v) = 4*v + 81. Let s be p(-21). What is r(s)?
4
Let b(q) = q**2 + 6*q - 2. Let f = 22 + -11. Suppose 4*h + 1 + f = 0. Determine b(h).
-11
Let u(w) = 4*w**3 + 29*w**2 + 5*w - 33. Let y(f) = f**3 + 7*f**2 + f - 8. Let r(a) = 2*u(a) - 9*y(a). Calculate r(-5).
1
Let g(m) = -3*m**3 + 5*m**2 - 1. Let x(u) = 10*u**3 - 14*u**2 + 4. Let j(s) = 7*g(s) + 2*x(s). Determine j(7).
1
Let j be 4/16 - 46/(-8). Let c(w) = w**3 - 6*w**2 + 1. Calculate c(j).
1
Suppose 2*n + 0*n + n = 0. Let v(o) be the third derivative of 3*o**2 + n + 0*o + 1/6*o**3 + 7/60*o**5 - 1/12*o**4. Calculate v(1).
6
Suppose -5*g = 3 - 43. Suppose -5*r + g + 17 = 0. Let b(a) = a**3 - 5*a**2 + 4. Give b(r).
4
Suppose -q + 32 + 1 = 0. Let a be (-22)/q*(0 - 3). Let h(g) = -2 - g**2 + 3*g**2 + 4 - 3*g. What is h(a)?
4
Let b(t) be the first derivative of t**2 - 10*t + 17. Give b(9).
8
Let v(m) = -m - 4. Let q(z) = 1. Let a(j) = -2*q(j) - v(j). Suppose 2*w = 4*c - 2, 4*c + 7 = 4*w - 1. Suppose -15 + 0 = -c*n. Calculate a(n).
7
Let x(p) = p**2 + 6*p + 8. Let g(u) = -u**3 + 6*u**2 - 5*u - 6. Let b be g(5). Determine x(b).
8
Let z(n) be the second derivative of -n - n**2 + 1/6*n**3 + 0. What is z(0)?
-2
Suppose 0 = -3*p - 3*t - 9, -2*p - 2*p - t = 0. Let j(y) = 1 + 2*y**2 + 2*y**2 - 2*y**2. Give j(p).
3
Let l(a) = -7*a**2 - 2*a - 1. Suppose 3*d - 1 = 4*d. Determine l(d).
-6
Let d(w) = -2*w. Let h = -7 - -12. Suppose 10*r = h*r + 10. Let k(i) = i + 1. Let y(u) = r*d(u) + 3*k(u). Calculate y(3).
0
Let y be ((-92)/69)/(2*(-1)/12). Let m(a) = -a**3 + 7*a**2 + 8*a + 3. Calculate m(y).
3
Let l(v) be the second derivative of -v**4/6 - 2*v**3/3 + v**2/2 + 31*v. Suppose z + 7 = -3*u - 4, -u = 4*z. Let r = z + -4. Give l(r).
-5
Suppose -3*w + 0*w = 0. Let p(r) = 1 + w*r - 2*r + r**2 - r. Suppose 6 = 6*b - 3*b. Calculate p(b).
-1
Let o(s) = s**3 - 9*s**2 - 9*s - 11. Let g(h) = h**3 - 10*h**2 - 10*h - 12. Let j(z) = -5*g(z) + 6*o(z). Determine j(5).
-1
Let x(r) = 5*r - 3*r**2 + 17*r**2 - 4 + 1. Let d(y) = y**2 + y - 1. Let t(m) = -4*d(m) + x(m). Determine t(-1).
10
Let x = 17 + -13. Let h(k) = -k**3 - 3*k**2 + 3*k + 1. Let i(j) = j**3 + 3*j**2 - 2*j - 1. Let s(o) = x*h(o) + 5*i(o). What is s(-2)?
-1
Let z(g) = -g**3 - 11*g**2 - 11*g - 14. Let v be z(-10). Let c(r) = 0*r**2 - 2*r - 2 - 2*r**2 + r**2. Determine c(v).
-10
Let u(t) = -t**3 - 3*t**2 - 3*t - 3. Let v = 3 + -5. Determine u(v).
-1
Let b(u) = u - 16. Let y be b(12). Let z(n) = n**2 + 7*n + 6. Give z(y).
-6
Let q(m) = -m - 4. Suppose 5*b - u = -0*b + 5, -3*u + 13 = -b. Let x be b*(6/(-4) - 0). Calculate q(x).
-1
Suppose 0*s = 4*s - 28. Let w(h) = 6*h + s - h - 37. Let g(a) = -a + 6. Let u(p) = -11*g(p) - 2*w(p). Determine u(0).
-6
Let q(l) = -l**3 + l**2 + l + 6. Let c be q(0). Let w(d) be the first derivative of d**2/2 - 6*d - 53. Calculate w(c).
0
Let h(v) = v**3 - 4*v**2 - v + 3. Let p be (-3 + 4 - 0)*4. What is h(p)?
-1
Let i(p) = -4*p**2 - 4*p - 9. Suppose 2*n - 40 = -3*n. Let s = n - 3. Let m(v) = 7*v**2 + 7*v + 17. Let t(o) = s*i(o) + 3*m(o). Determine t(0).
6
Let g(u) = u**2 - 5*u - 3. Suppose 13*w + 15 = 18*w. Calculate g(w).
-9
Let r(g) = 13*g**3 + 16*g**2 + 13*g - 19. Let i(p) = 37*p**3 + 47*p**2 + 38*p - 56. Let t(q) = 6*i(q) - 17*r(q). Give t(-9).
5
Let d = -76 + 80. Let j(m) = m**3 - 3*m**2 + 3*m - 6. What is j(d)?
22
Let p = 3 - 3. Let r(o) = 2*o. Let v be r(2). Let w(a) = -6*a + v*a + a. Calculate w(p).
0
Let n = -17 + 16. Let w be (-78)/(-21) - (-4)/14. Let c(a) = 2 - w + 1 - 12*a. Calculate c(n).
11
Suppose 8 = -l + 3*l. Let k(i) = -3*i**3 - l*i**3 - 4 - 3*i**2 + i + 6*i**3. Calculate k(-4).
8
Let x(j) = 3*j**2 - 20*j + 12. Let l(d) = -d**2 + 7*d - 4. Let h(n) = 17*l(n) + 6*x(n). Give h(0).
4
Let h(x) = x + 4. Let o be h(-2). Let z = 7 - 5. Let k(i) = o*i - 3*i + z*i + 0*i. Calculate k(3).
3
Let l(c) = c**3 - 6*c**2 + 2*c - 1. Suppose 3*w - 2*w = 2, 5*j + 3*w = 36. Give l(j).
11
Let p(n) = -3*n + 8. Let r(l) = l - 4. Let x = 0 + -5. Let z(t) = x*r(t) - 2*p(t). Suppose 0 = -2*m - 2, 7*h - 5*m + 10 = 2*h. Give z(h).
1
Let a(s) = 8 - 8*s + 9 - 17. Determine a(2).
-16
Let u(c) = -2*c**2 - 3*c. Let a(o) = o**3 + 8*o**2 + 10*o - 14. Let q be a(-6). Determine u(q).
-2
Let d(s) = -s**3 + 3*s**2 + 3*s + 1. Let z = 3 + -2. Suppose t = 4 - z. Determine d(t).
10
Suppose -2*o = 6, -14 + 1 = 4*q - o. Let g(z) = 3*z + 2. Calculate g(q).
-10
Let f = 3 + -4. Let d(b) = -4*b**2 + b**2 + 5*b**2 + 2*b**3 - 1 + 0. Give d(f).
-1
Let r(d) be the second derivative of d**6/120 - 7*d**5/60 + 5*d**4/24 + 4*d**3/3 - 3*d**2/2 - 2*d. Let w(p) be the first derivative of r(p). What is w(6)?
2
Suppose -39*f = -42*f. Let n(o) = o - 4. Give n(f).
-4
Let s(v) = 2*v**2 + 12*v + 5. Let z(k) = k**2 + 6*k + 2. Let a(m) = -2*s(m) + 5*z(m). Suppose -2*p - 17 + 7 = 0. Determine a(p).
-5
Suppose 3*y - 22 = -16. Let m be (12/(-9))/(4/(-6)). Suppose -4*j - 26 = m*w, 3*j = w - 10 - y. Let l(h) = -h**2 - 4*h - 1. Give l(w).
2
Let b(z) = -2*z + 3. Let o(q) = -5*q**3 + q**2. Let l be o(1). Let m = l + 8. Let d = 7 - m. Give b(d).
-3
Let p(a) = -a**2 + 15*a - 14. Let y be p(14). Let l(b) = y*b + 2*b + 0*b + 5*b. Give l(1).
7
Let t(w) = w**3 + 2*w + 1. Suppose 33*s = 28*s - 10. Calculate t(s).
-11
Let r = 1 - -1. Let g(d) = -d + r*d + 0 + 1. Let i = -1 + 4. Determine g(i).
4
Let m(q) = -3*q**2 - 10*q - 2. Let r(w) = -16*w**2 - 51*w - 9. Let f(b) = 11*m(b) - 2*r(b). Give f(-5).
11
Let o = -6 - 1. Let l(h) = -h**3 - 7*h**2 + 2. Calculate l(o).
2
Let c(s) = -s**3 - 6*s**2 + 9*s + 10. Suppose 2*g - 46 + 60 = 0. Give c(g).
-4
Let b(x) = -8*x + 8. Let k(r) = -4*r + 4. Let v(l) = -3*l + 2*l**3 - 3*l**3 - 5*l**2 + 0*l. Let y be v(-3). Let g(f) = y*k(f) + 4*b(f). Give g(3).
8
Let c(u) = -u + 1. Let i(b) be the first derivative of -10*b**2 + 25*b + 3. Let g(q) = 25*c(q) - i(q). Suppose 2*v + 2*h - 4 + 2 = 0, h = 4*v - 4. What is g(v)?
-5
Suppose 13*i - 19*i = -30. Let u(s) be the second derivative of s**5/20 - s**4/3 - s**3 + 7*s**2/2 + s. Give u(i).
2
Let g(a) = 3*a - 2*a - a**3 + 0 - 8 + 8*a**2. Calculate g(8).
0
Let o(y) = -y**2 - 6*y - 2. Let l = 11 + 31. Let m be 5/(-7) - 12/l. Let u be ((-20)/2)/(1 - m). What is o(u)?
3
Let y(k) be the second derivative of k**6/360 + k**5/120 + 7*k**4/24 - 7*k**3/6 - 2*k. Let c(f) be the second derivative of y(f). Give c(0).
7
Let p be (-14 - -2)/((-12)/8) + -3. Let b(m) = -m**2 + 7*m**2 - 5*m**3 - 6*m + 7 + 4*m**3. Determine b(p).
2
Suppose 0*f + 2*f - 16 = 0. Let u be f/12 + (-14)/(-6). Let h(w) = w - w + 2*w + w**3 - 2 - 4*w**2. Give h(u).
-5
Let w(y) = -4 + y**3 - 5*y**2 + 10 + 5*y - 5. Calculate w(4).
5
Let v(c) = c**2 + 5*c. Suppose 2*r - 20 = 6*r. What is v(r)?
0
Let t(r) = r**2 + 7*r - 11. Let i be t(-8). Let o be (-33)/(-9) + 2/i. Let g(f) be the first derivative of -f**4/4 + f**3 + f**2 + f + 3. Determine g(o).
7
Let w(m) be the second derivative of m**3/3 - 3*m**2/2 + 11*m. Suppose b - 3*b = -10. Determine w(b).
7
Let v(o) = o**3 + 5*o**2 + 2*o + 3. Let t(s) = s - 5. Let b be t(0). Give v(b).
-7
Let w(k) = -k - 1. Let f(b) = -2*b - 7. Let o(i) = f(i) - 3*w(i). Let y(g) = g - 1. Let j be y(4). Suppose 0 = j*n - n. Determine o(n).
-4
Let p(o) = o**2 - 3*o - 10. Let j(u) be the first derivative of 2*u**3/3 - 7*u**2/2 - 21*u + 3. Let x(w) = -3*j(w) + 7*p(w). What is x(0)?
-7
Let p(s) = s**2 + 1. Let x(r) = -6*r**2 + 6*r - 10. Let l(y) = -5*p(y) - x(y). Suppose 0*z = 3*z - 15. Determine l(z).
0
Let d(b) = b**3 + 7*b**2 + b + 4. Let w be d(-7). Let y = w + 4. Let o(i) = 3*i**2 + i - 1. Let j be o(y). Let r(f) = -f**2 + 2*f + 4. Calculate r(j).
1
Let r(w) be the first derivative of w**7/840 + w**4/2 - 5*w**3/3 - 5. Let k(j) be the third derivative of r(j). Calculate k(0).
12
Suppose -8 = -4*s - 36. Let t(u) = u**3 + 7*u**2 + u + 4. What is t(s)?
-3
Suppose -i - 3*d + 11 = 0, 3*d = -i - 2*d + 15. Suppose 4*f + 3*z + 21 = 3, -i*f 